emainder when 2601147 is divided by 1531?
1509
Calculate the remainder when 153678 is divided by 51198.
84
Calculate the remainder when 3376082 is divided by 562679.
8
Calculate the remainder when 1068219 is divided by 3514.
3477
What is the remainder when 6237098 is divided by 1610?
1568
What is the remainder when 159989 is divided by 373?
345
What is the remainder when 171714 is divided by 28587?
192
Calculate the remainder when 881089 is divided by 67741.
456
What is the remainder when 2032602 is divided by 1081?
322
Calculate the remainder when 3717483 is divided by 1344.
1323
Calculate the remainder when 159421 is divided by 376.
373
Calculate the remainder when 10504741 is divided by 8239.
16
Calculate the remainder when 439640 is divided by 15672.
824
What is the remainder when 762520 is divided by 64?
24
What is the remainder when 28125 is divided by 10893?
6339
What is the remainder when 42186539 is divided by 21?
17
Calculate the remainder when 420145 is divided by 8802.
6451
Calculate the remainder when 174776 is divided by 87367.
42
Calculate the remainder when 861182 is divided by 130.
62
What is the remainder when 1461239 is divided by 486990?
269
What is the remainder when 3442 is divided by 3323?
119
Calculate the remainder when 3324192 is divided by 1696.
32
What is the remainder when 148998 is divided by 29766?
168
Calculate the remainder when 163984 is divided by 161032.
2952
Calculate the remainder when 184197835 is divided by 17.
13
Calculate the remainder when 1362262 is divided by 1362251.
11
What is the remainder when 150127 is divided by 37529?
11
What is the remainder when 14966730 is divided by 242?
240
What is the remainder when 6593717 is divided by 4134?
4121
Calculate the remainder when 6056153 is divided by 155.
148
Calculate the remainder when 6277327 is divided by 209244.
7
What is the remainder when 68750309 is divided by 57?
44
What is the remainder when 76934 is divided by 12359?
2780
Calculate the remainder when 147746795 is divided by 2155.
2150
What is the remainder when 138347139 is divided by 420508?
7
What is the remainder when 13700213 is divided by 279?
197
Calculate the remainder when 17279801 is divided by 383.
373
What is the remainder when 1685991 is divided by 56?
55
What is the remainder when 36316263 is divided by 6052710?
3
What is the remainder when 894782 is divided by 37257?
614
What is the remainder when 5174224 is divided by 2199?
2176
Calculate the remainder when 104244017 is divided by 17374000.
17
What is the remainder when 9842 is divided by 6790?
3052
What is the remainder when 119687 is divided by 4446?
4091
What is the remainder when 741730 is divided by 14?
10
Calculate the remainder when 124087 is divided by 41296.
199
What is the remainder when 1502512 is divided by 1502505?
7
Calculate the remainder when 121157085 is divided by 26.
23
Calculate the remainder when 185063 is divided by 7709.
47
Calculate the remainder when 104404039 is divided by 1660.
1659
Calculate the remainder when 25544501 is divided by 409.
406
What is the remainder when 30811166 is divided by 368?
366
What is the remainder when 1042723 is divided by 2414?
2289
What is the remainder when 538740399 is divided by 34?
29
Calculate the remainder when 127512 is divided by 15913.
208
What is the remainder when 338084949 is divided by 1190?
1189
Calculate the remainder when 2704443 is divided by 3869.
12
Calculate the remainder when 28697 is divided by 14333.
31
Calculate the remainder when 218907 is divided by 3127.
17
What is the remainder when 216192039 is divided by 198?
195
Calculate the remainder when 56563314 is divided by 1460.
1454
What is the remainder when 1571561 is divided by 1159?
1116
What is the remainder when 4621007 is divided by 7563?
14
Calculate the remainder when 23593996 is divided by 7341.
22
Calculate the remainder when 2244013 is divided by 2553.
2479
Calculate the remainder when 169271488 is divided by 355.
33
Calculate the remainder when 26118006 is divided by 457.
456
Calculate the remainder when 433401 is divided by 1997.
52
What is the remainder when 30445 is divided by 15220?
5
What is the remainder when 1789745 is divided by 178920?
545
What is the remainder when 92714 is divided by 5399?
931
What is the remainder when 1338755 is divided by 133865?
105
What is the remainder when 645746 is divided by 42?
38
What is the remainder when 21504 is divided by 354?
264
What is the remainder when 368256 is divided by 76?
36
Calculate the remainder when 8119570 is divided by 316.
266
Calculate the remainder when 13535996 is divided by 18.
14
What is the remainder when 1557819 is divided by 29931?
1407
What is the remainder when 445238 is divided by 1181?
1
Calculate the remainder when 3560399 is divided by 86.
85
What is the remainder when 4164681 is divided by 234?
183
Calculate the remainder when 48060602 is divided by 1059.
5
Calculate the remainder when 2806252 is divided by 2806247.
5
What is the remainder when 4953678 is divided by 95?
93
Calculate the remainder when 142978 is divided by 2916.
94
What is the remainder when 987398281 is divided by 9143?
9139
Calculate the remainder when 601279 is divided by 617.
321
Calculate the remainder when 9567 is divided by 195.
12
Calculate the remainder when 523607 is divided by 199.
38
Calculate the remainder when 15611961 is divided by 398.
13
Calculate the remainder when 274316 is divided by 274102.
214
Calculate the remainder when 5879136 is divided by 1175820.
36
What is the remainder when 38344125 is divided by 1198253?
29
What is the remainder when 2059149 is divided by 4281?
4269
Calculate the remainder when 2268110 is divided by 1102.
194
Calculate the remainder when 16783 is divided by 3388.
3231
What is the remainder when 197972 is divided by 19?
11
What is the remainder when 10961 is divided by 97?
0
Calculate the remainder when 101742 is divided by 33774.
420
What is the remainder when 27122250 is divided by 821884?
78
What is the remainder when 6943426 is divided by 298?
26
What is the remainder when 1308558 is divided by 4194?
30
What is the remainder when 1072084 is divided by 148?
120
Calculate the remainder when 9141237 is divided by 93.
81
Calculate the remainder when 91103 is divided by 4790.
93
What is the remainder when 116990391 is divided by 3454?
3411
Calculate the remainder when 43730 is divided by 19409.
4912
What is the remainder when 1015258 is divided by 2590?
2568
Calculate the remainder when 909767 is divided by 3172.
2575
Calculate the remainder when 4972729 is divided by 610.
9
What is the remainder when 291192 is divided by 1723?
5
What is the remainder when 278051083 is divided by 79?
76
Calculate the remainder when 139255 is divided by 34797.
67
Calculate the remainder when 2466861 is divided by 12.
9
Calculate the remainder when 234697 is divided by 1700.
97
What is the remainder when 61625 is divided by 1432?
49
What is the remainder when 2614575 is divided by 15656?
23
Calculate the remainder when 7288711 is divided by 2491.
45
Calculate the remainder when 14086979 is divided by 2565.
2564
What is the remainder when 813357123 is divided by 118?
115
What is the remainder when 2715258 is divided by 1923?
1905
Calculate the remainder when 33856819 is divided by 799.
792
What is the remainder when 20286735 is divided by 762?
9
Calculate the remainder when 31265776 is divided by 78.
22
Calculate the remainder when 1495439 is divided by 1495438.
1
What is the remainder when 101716 is divided by 7260?
76
Calculate the remainder when 1710408 is divided by 334.
328
What is the remainder when 920443 is divided by 497?
496
Calculate the remainder when 5226648 is divided by 11589.
9
What is the remainder when 2490063 is divided by 90?
33
What is the remainder when 6391210 is divided by 8?
2
Calculate the remainder when 116024 is divided by 392.
384
Calculate the remainder when 10287242 is divided by 11624.
2
What is the remainder when 81782119 is divided by 114?
1
What is the remainder when 187004 is divided by 62328?
20
Calculate the remainder when 5349849 is divided by 190.
19
What is the remainder when 25671307 is divided by 13219?
9
What is the remainder when 1412322 is divided by 19?
14
What is the remaind